1001011011110111?
100111001011011100101
In base 12, what is -508a52b - -4a?
-508a4a1
In base 8, what is -430070035 + 3?
-430070032
In base 2, what is 1 - 100111010101100110100?
-100111010101100110011
In base 5, what is -13 - 3411012213?
-3411012231
In base 16, what is de491 + 7?
de498
In base 15, what is -1961 + 1107?
-859
In base 15, what is 7 - 1062b1?
-1062a9
In base 2, what is -1100100100111 + -11000010110010?
-100100111011001
In base 7, what is 1032 + -500233?
-466201
In base 6, what is 24524401513 + 2?
24524401515
In base 2, what is -1000011011000110011100 - 1?
-1000011011000110011101
In base 3, what is 10112220010111011 - 11?
10112220010111000
In base 11, what is -359 - 6923?
-7181
In base 5, what is -203 - -3400300414?
3400300211
In base 2, what is 11011110001111110011111 + -1010010?
11011110001111101001101
In base 3, what is -1 - -11010020020202?
11010020020201
In base 3, what is 102002101022121020 + 0?
102002101022121020
In base 5, what is 241404334 + -3244?
241401040
In base 5, what is -1 - 413110142?
-413110143
In base 15, what is -71 - -63b51?
63ad0
In base 11, what is -1 + 2363625?
2363624
In base 16, what is -93 + -f3db?
-f46e
In base 13, what is -34 - 83aa7?
-83b0b
In base 6, what is -2 - 351434501?
-351434503
In base 11, what is -40 - -974a6?
97466
In base 14, what is a31 - 4757?
-3b26
In base 10, what is 62584 - -1477?
64061
In base 14, what is 566db9 - 2?
566db7
In base 10, what is -3 + -123460819?
-123460822
In base 3, what is 201101120000 + -1112220?
201100000010
In base 8, what is 474 + 7161?
7655
In base 3, what is 122220201121 - 201212?
122212222202
In base 13, what is 2 - 6c3c79?
-6c3c77
In base 13, what is 79 - 5ac523?
-5ac477
In base 13, what is -448355a0 + -1?
-448355a1
In base 9, what is -17154 + 46734?
28570
In base 12, what is -2b + 56b85b?
56b830
In base 14, what is 4d57c - 20d?
4d36d
In base 16, what is 20 + -65ab15?
-65aaf5
In base 4, what is 1133002 - 32013313?
-30220311
In base 3, what is 2002200120100022 - 12?
2002200120100010
In base 7, what is 1520311 + -16?
1520262
In base 8, what is -1 + -11305173?
-11305174
In base 10, what is 127429 + -21?
127408
In base 14, what is 2 + -24da104?
-24da102
In base 3, what is -22 + 1112111202200?
1112111202101
In base 14, what is -19 - 24ca13?
-24ca2c
In base 8, what is 151353544 - 2?
151353542
In base 11, what is -16143333a - -4?
-161433336
In base 15, what is -250 + -4113?
-4363
In base 2, what is -10001 - -101000110011101001010?
101000110011100111001
In base 8, what is -13104 + 57475?
44371
In base 16, what is 2 + 2fefcc5?
2fefcc7
In base 3, what is 10 + 1012110222111210?
1012110222111220
In base 3, what is 0 - 1201102002122?
-1201102002122
In base 10, what is 86284882 + -3?
86284879
In base 13, what is 18b + 19a3?
1b61
In base 6, what is 43220245 + -2?
43220243
In base 15, what is 31 + 5cb3?
5ce4
In base 13, what is -1c + -289112?
-289131
In base 12, what is 1936b - 1007?
18364
In base 6, what is -21 - -14324524?
14324503
In base 10, what is -5926472 + 9?
-5926463
In base 4, what is 30 - -1001130123?
1001130213
In base 11, what is 116024 + -35?
115a9a
In base 14, what is -631 + 69d62?
69731
In base 13, what is -93a9 + -8733?
-14b0c
In base 15, what is -da + -e8c?
-1077
In base 3, what is 2102222210 + 112221210?
2222221120
In base 5, what is 1340144 + -40234?
1244410
In base 15, what is -ea + 473?
378
In base 12, what is 155a09b + 4?
155a0a3
In base 13, what is -7 - 18133297?
-181332a1
In base 7, what is -203624 - -250?
-203344
In base 5, what is -10 + -12300342230?
-12300342240
In base 3, what is 20110101 + -1221?
20101110
In base 12, what is -15 - -1722290?
1722277
In base 4, what is 123 + -220202330111?
-220202323322
In base 10, what is 0 + -34732904?
-34732904
In base 9, what is -218712783 - -3?
-218712780
In base 14, what is -4937 - 1b0?
-4b07
In base 4, what is -31301310000 + 32?
-31301303302
In base 11, what is 162 - 417945?
-417793
In base 9, what is 18644070 - -2?
18644072
In base 4, what is -13011100 + -33102?
-13110202
In base 6, what is -2420310013 - 24?
-2420310041
In base 16, what is -5 + 19a5e33?
19a5e2e
In base 5, what is 10322 + -10421240?
-10410413
In base 16, what is -a - -2d27bc5?
2d27bbb
In base 6, what is 1034343554 + 5?
1034344003
In base 6, what is 125105325214 - -5?
125105325223
In base 14, what is 2c - -360c98?
360cc6
In base 2, what is 101001100111101100101 + -101?
101001100111101100000
In base 14, what is 145a26 + 18?
145a40
In base 15, what is 4ba + 73cd?
7898
In base 14, what is -2b4c + -64?
-2bb2
In base 10, what is 771 - -7142?
7913
In base 15, what is -389 - 7291?
-762a
In base 7, what is -3 + 25114015?
25114012
In base 14, what is -33 + -3919?
-394c
In base 7, what is 212523264 + 6?
212523303
In base 13, what is -8 + 2091ab6?
2091aab
In base 8, what is -43 - -352262?
352217
In base 4, what is 11320 - 100003220?
-33331300
In base 13, what is -2c9958 - 37?
-2c9992
In base 4, what is -1101 + 10022320?
10021213
In base 13, what is 501 - 3687?
-3186
In base 4, what is 2202011111 - 100010?
2201311101
In base 13, what is -3551a + -5?
-35522
In base 11, what is 79 - -55aa4?
56072
In base 12, what is -71b85 - -3bb?
-71786
In base 7, what is 31410331 + 0?
31410331
In base 2, what is 100000001100111000101 + 10100?
100000001100111011001
In base 12, what is 2a58698 - -3?
2a5869b
In base 14, what is 3907da - -16?
390812
In base 14, what is -108930 + 120?
-108810
In base 11, what is 1aaaaa042 + -3?
1aaaaa03a
In base 5, what is -11313014 + 4430?
-11303034
In base 2, what is 110001101110101 - -1100100111110?
111110010110011
In base 11, what is -528789 + 41?
-528748
In base 16, what is 15 - 9188f4?
-9188df
In base 10, what is 85616410 - -3?
85616413
In base 12, what is 0 + -23a08?
-23a08
In base 6, what is 5 - 10450005145?
-10450005140
In base 10, what is -1 + -1307020?
-1307021
In base 6, what is 10135052 + -301?
10134351
In base 5, what is 230 - 433003?
-432223
In base 10, what is -45801585 - -1?
-45801584
In base 3, what is 1221220122211112 - -2?
1221220122211121
In base 14, what is 5d3729 - 1d?
5d370a
In base 4, what is 11 + 1201210101003?
1201210101020
In base 16, what is -28e72 + -10a7?
-29f19
In base 13, what is -4 + -1108616?
-110861a
In base 6, what is -210 + -55105200?
-55105410
In base 3, what is -21022 + -1121220110212?
-1121220202011
In base 15, what is -d2567 - 1?
-d2568
In base 8, what is 12635203157 + 1?
12635203160
In base 8, what is 4 - -250471312?
250471316
In base 16, what is 3a52 - 2c4b?
e07
In base 15, what is 9c35 - 68?
9bbc
In base 3, what is -21012111212 - 222?
-21012112211
In base 15, what is -218 - 9a1?
-bb9
In base 11, what is 10430157 - -4?
10430160
In base 3, what is -221 - -2112212110200?
2112212102202
In base 14, what is -3 + -667b156?
-667b159
In base 14, what is -247226 - 57?
-24727d
In base 6, what is -23 + 53502?
53435
In base 16, what is -2 + bcc44?
bcc42
In base 12, what is -174 + 9721b2?
97203a
In base 14, what is -90 - -da20?
d970
In base 2, what is 11000001000000010110 + 1010?
11000001000000100000
In base 9, what is -5581403 - 2?
-5581405
In base 4, what is 2211 + 3313131?
3322002
In base 13, what is 8c4 + 74c9?
80c0
In base 16, what is -66b62f - -e?
-66b621
In base 5, what is 20313 + 3014201?
3040014
In base 8, what is 310211 - 101?
310110
In base 11, what is -366712 + -6?
-366718
In base 8, what is 5617450 - -17?
5617467
In base 13, what is -748 + 5a78?
5330
In base 13, what is -5 - 715c13?
-715c18
In base 6, what is 3114 + -444505?
-441351
In base 3, what is 20011212122 + 100122?
20012020021
In base 4, what is -120301 - 13022131?
-13203032
In base 12, what is 239bb - -1a46?
25845
In base 13, what is -1a92431 + 12?
-1a9241c
In base 6, what is 42541341224 + 1?
42541341225
In base 4, what is 1001011300 + 213?
1001012113
In base 2, what is 1 - -11110101011001110000000110?
11110101011001110000000111
In base 2, what is 110010101010110010 + -10100?
110010101010011110
In base 8, what is 17 + 13123225?
13123244
In base 13, what is 2 + 970cb1?
970cb3
In base 6, what is 52 + -1025152130?
-1025152034
In base 12, what is -4 - 394b79?
-394b81
In base 2, what is 1010010000110110111001 - -101?
1010010000110110111110
In base 2, what is -1 + -11000110001000011011?
-11000110001000011100
In base 14, what is -2 + -232422b?
